{"id":129,"date":"2020-05-30T15:24:15","date_gmt":"2020-05-30T13:24:15","guid":{"rendered":"https:\/\/ceskylvov.cz\/?page_id=129"},"modified":"2020-06-10T15:26:42","modified_gmt":"2020-06-10T13:26:42","slug":"pres-brno","status":"publish","type":"page","link":"https:\/\/ceskylvov.cz\/?page_id=129","title":{"rendered":"P\u0159es Brno"},"content":{"rendered":"\n<h4 class=\"wp-block-heading\">Brn\u011bnsk\u00e9 dosp\u00edv\u00e1n\u00ed<\/h4>\n\n\n\n<div class=\"wp-block-image\"><figure class=\"alignleft size-large is-resized\"><img loading=\"lazy\" decoding=\"async\" src=\"https:\/\/ceskylvov.cz\/wp-content\/uploads\/2020\/05\/Clipboard01.jpg\" alt=\"\" class=\"wp-image-34\" width=\"211\" height=\"135\" srcset=\"https:\/\/ceskylvov.cz\/wp-content\/uploads\/2020\/05\/Clipboard01.jpg 548w, https:\/\/ceskylvov.cz\/wp-content\/uploads\/2020\/05\/Clipboard01-300x192.jpg 300w\" sizes=\"(max-width: 211px) 100vw, 211px\" \/><figcaption>Brno, n\u00e1m\u011bst\u00ed 28. \u0159\u00edjna<\/figcaption><\/figure><\/div>\n\n\n\n<p>Jak\u00fd byl skute\u010dn\u00fd d\u016fvod zmizen\u00ed rodiny Mat\u011bje Boubl\u00edka z&nbsp;vlastn\u00edho kolineck\u00e9ho domu, kde na\u0161la nov\u00e9 bydli\u0161t\u011b a kdy p\u0159esn\u011b se objevili brat\u0159i Boubl\u00edkovi v&nbsp;Brn\u011b, nen\u00ed dosud z\u0159ejm\u00e9. V seznamu student\u016f klatovsk\u00e9ho gymn\u00e1zia z&nbsp;roku 1877 je v\u0161ak jako student V. ro\u010dn\u00edku uveden i Jan Boubl\u00edk (v z\u00e1znamu o historii kolineck\u00e9ho domu \u010d.p. 42 je u jm\u00e9na jejich sourozence Jaroslava, narozen\u00e9ho 5.8. 1871 uvedeno, \u017ee dne 26.12. 1877 zem\u0159el v&nbsp;Brn\u011b). Motivem pro p\u0159est\u011bhov\u00e1n\u00ed mohla b\u00fdt pracovn\u00ed nab\u00eddka pro otce Mat\u011bje, ale pravd\u011bpodobn\u011bji jeho t\u011b\u017ek\u00e1 nemoc \u010di dokonce p\u0159ed\u010dasn\u00e1 smrt. Ze z\u00e1pisu v jednom z&nbsp;prvn\u00edch (brn\u011bnsk\u00fdch) vysv\u011bd\u010den\u00ed KB je toti\u017e patrn\u00e9, \u017ee otec Mat\u011bj zem\u0159el (<em>otec <strong>+<\/strong> Mat\u011bj<\/em>). Prvn\u00ed brn\u011bnskou stopu tak dokl\u00e1d\u00e1 \u0161koln\u00ed vysv\u011bd\u010den\u00ed KB z&nbsp;c. k. Vy\u0161\u0161\u00edho <a href=\"https:\/\/encyklopedie.brna.cz\/home-mmb\/?acc=profil_udalosti&amp;load=1271\">slovansk\u00e9ho gymn\u00e1zia<\/a> (ul. Basteigasse \/ Na hradb\u00e1ch), kam nastoupil ve \u0161k. r. 1879\/80, av\u0161ak nedobrovoln\u011b jej opustil po\u010d\u00e1tkem listopadu 1883, pro z\u00e1va\u017en\u00fd k\u00e1ze\u0148sk\u00fd proh\u0159e\u0161ek. Dosp\u00edvaj\u00edc\u00ed Karel v&nbsp;t\u00e9 dob\u011b bydlel u sv\u00fdch brn\u011bnsk\u00fdch p\u0159\u00edbuzn\u00fdch, nejprve u <em>str\u00fdce<\/em><strong> V\u00e1clava Boubl\u00edka<\/strong>, pak jeden rok u&nbsp;vdovy Marie Boubl\u00edkov\u00e9 (ul. Fabrick\u00e1 \u010d. 5) a pozd\u011bji se op\u011bt vrac\u00ed do p\u00e9\u010de <em>pravd\u011bpodobn\u00e9ho bratra sv\u00e9ho otce<\/em>, V\u00e1clava, t.\u010d. vojensk\u00e9ho finan\u010dn\u00edho \u00fa\u0159edn\u00edka III. t\u0159\u00eddy,&nbsp;p\u0159ihl\u00e1\u0161en\u00e9ho v ul. Tov\u00e1rn\u00ed \u010d. 11. Jm\u00e9no V\u00e1clava Boubl\u00edka je opakovan\u011b uvedeno na dal\u0161\u00edch vysv\u011bd\u010den\u00edch KB jako odpov\u011bdn\u00e1 osoba. V&nbsp;prvn\u00edch brn\u011bnsk\u00fdch vysv\u011bd\u010den\u00edch je zm\u00ednka i o osob\u011b opatrovn\u00edka, kupce Aschenbrennera (Franti\u0161ek Aschenbrenner je uveden jako kolineck\u00fd radn\u00ed v&nbsp;r. 1871, kdy otec KB, Mat\u011bj byl o rok pozd\u011bji \u010dlenem m\u011bstsk\u00e9ho v\u00fdboru, naposledy uveden i v&nbsp;r. 1872). D\u016fkaz o spojen\u00ed tohoto mu\u017ee s&nbsp;v\u00fdznamnou osobnost\u00ed m\u011bsta Brna, \u0159editelem Moravsk\u00e9 agr\u00e1rn\u00ed banky, <a href=\"https:\/\/encyklopedie.brna.cz\/home-mmb\/?acc=profil_osobnosti&amp;load=20932\">Franti\u0161kem Aschenbrennerem<\/a><em>, <\/em>nar. 11.1. 1874 v&nbsp;Praze a sv\u011bdkem na svatb\u011b <a href=\"https:\/\/cs.wikipedia.org\/wiki\/Maty%C3%A1%C5%A1_Lerch\">prof. Maty\u00e1\u0161e Lercha<\/a>, se nepoda\u0159ilo z\u00edskat.<\/p>\n\n\n\n<div class=\"wp-block-image\"><figure class=\"alignright size-large is-resized\"><img loading=\"lazy\" decoding=\"async\" src=\"https:\/\/www.vets.cz\/vpm\/foto\/mista\/nahled\/ceska-republika\/jihomoravsky-kraj\/brno-mesto\/brno-2188\/23172_boublik.jpg\" alt=\"\" width=\"200\" height=\"300\"\/><figcaption>Hrob Karla J. Boubl\u00edka<\/figcaption><\/figure><\/div>\n\n\n\n<p>Z archivu matri\u010dn\u00edch z\u00e1znam\u016f m\u011bsta Brna vypl\u00fdv\u00e1, \u017ee prost\u0159edn\u00ed z bratr\u016f Boubl\u00edk\u016f, Jan, m\u011bl za man\u017eelku brn\u011bnskou roda\u010dku Am\u00e1lii Pt\u00e1\u010dovskou (od 12.2. 1893), kter\u00fdm se dne 17.11. 1891 v&nbsp;Brn\u011b (ul. Na Pon\u00e1vce \u010d. 50), narodil syn <strong>Karel <em>Josef<\/em> Boubl\u00edk<\/strong> (otec byl dops\u00e1n dodate\u010dn\u011b a kmotrem byl nejstar\u0161\u00ed z bratr\u016f Josef). Jedn\u00e1 se o osobu, kter\u00e1 je pochov\u00e1na na brn\u011bnsk\u00e9m vojensk\u00e9m h\u0159bitov\u011b na ul. V\u00edde\u0148sk\u00e1 96. V z\u00e1znamech o jeho \u00famrt\u00ed je uvedeno, \u017ee padl v&nbsp;boji na \u00fazem\u00ed Ruska (alter. Zem\u0159el v nemocnici \u010cerven\u00e9ho k\u0159\u00ed\u017ee v&nbsp;Brn\u011b na n\u00e1sledky z\u00e1n\u011btu pohrudnice) dne 6.10. 1914. Jako kadet-prapor\u010d\u00edk u 72. p\u011b\u0161\u00edho pluku, 16. praporu, svobodn\u00fd \u00fa\u0159edn\u00edk lvovsk\u00e9 pobo\u010dky \u017divnostensk\u00e9 banky byl pochov\u00e1n dne 8.10. 1914. <em>Jedn\u00e1 se o synovce arch. KB, kter\u00fd s&nbsp;n\u00edm pob\u00fdval ve Lvov\u011b od \u0159\u00edjna r. 1913 a je v&nbsp;z\u00e1pisc\u00edch <strong><a href=\"https:\/\/ceskylvov.cz\/?page_id=151\">\u010cesk\u00e9 besedy<\/a><\/strong> ozna\u010dov\u00e1n jako KB mlad\u0161\u00ed, v&nbsp;\u010desk\u00fdch novodob\u00fdch p\u0159episech s&nbsp;omylem v&nbsp;m\u011bs\u00edci narozen\u00ed \u2013 2. m\u011bs\u00edc (z\u00e1m\u011bna II. spr\u00e1vn\u011b = 11.), myln\u011b pozd\u011bji ukr. zdroji pova\u017eov\u00e1n za jeho syna.<\/em><\/p>\n\n\n\n<div class=\"wp-block-image\"><figure class=\"alignleft size-large is-resized\"><img loading=\"lazy\" decoding=\"async\" src=\"https:\/\/iispp.npu.cz\/mis_public\/preview.htm?id=973272\" alt=\"\" width=\"212\" height=\"120\"\/><figcaption>Pr\u016fmyslov\u00e1 \u0161kola na ul. Kudelova 8<\/figcaption><\/figure><\/div>\n\n\n\n<p>Skute\u010dnost\u00ed z\u016fst\u00e1v\u00e1, dle dolo\u017een\u00fdch vysv\u011bd\u010den\u00ed, \u017ee KB proti sv\u00e9 v\u016fli opustil po t\u0159ech letech \u010desk\u00e9 gymn\u00e1zium na dne\u0161n\u00ed t\u0159. Kpt. Jaro\u0161e a ve \u0161k. roce 1884\/85 ji\u017e byl studentem II. ro\u010d. <a href=\"https:\/\/encyklopedie.brna.cz\/home-mmb\/?acc=profil_skoly&amp;load=2029\">c.k. n\u011bmeck\u00e9 vy\u0161\u0161\u00ed st\u00e1tn\u00ed pr\u016fmyslov\u00e9 \u0161koly<\/a> (k.k. Staats-Gewerbeschule in Br\u00fcnn), na tehdej\u0161\u00edm brn\u011bnsk\u00e9m Winterhollerov\u011b n\u00e1m\u011bst\u00ed. Mezi jeho u\u010ditele pat\u0159ili i v\u00fdznamn\u00ed stavitel\u00e9 a architekti p\u016fsob\u00edc\u00ed v&nbsp;Brn\u011b a okol\u00ed, nap\u0159. <a href=\"https:\/\/de.wikipedia.org\/wiki\/Germano_Wanderley\">Ger<\/a><a href=\"https:\/\/encyklopedie.brna.cz\/home-mmb\/?acc=profil_osobnosti&amp;load=10530\">m<\/a><a href=\"https:\/\/de.wikipedia.org\/wiki\/Germano_Wanderley\">ano Wanderley<\/a>, <a href=\"https:\/\/encyklopedie.brna.cz\/home-mmb\/?acc=profil_osobnosti&amp;load=10524\">Alois Prastorfer<\/a> a <a href=\"https:\/\/encyklopedie.brna.cz\/home-mmb\/?acc=profil_osobnosti&amp;load=3155\">Wilhelm Dwo\u0159ak<\/a>, kte\u0159\u00ed byli i autory budovy t\u00e9to \u0161koly.<\/p>\n\n\n\n<div class=\"wp-block-image\"><figure class=\"alignright size-large is-resized\"><img loading=\"lazy\" decoding=\"async\" src=\"https:\/\/zbruc.eu\/sites\/default\/files\/images\/2018\/05\/z1526840009a14i.jpg\" alt=\"\" width=\"214\" height=\"135\"\/><figcaption>Knihovna ve Svitav\u00e1ch<\/figcaption><\/figure><\/div>\n\n\n\n<p>Germano Wanderley, tento brazilsk\u00fd rod\u00e1k p\u016fsob\u00edc\u00ed v&nbsp;Brn\u011b se na konci 80. let 19. stolet\u00ed za\u010dal obracet ke stylu baroka, pou\u017e\u00edval vysok\u00e9 v\u011b\u017ee s kopulemi bohat\u00fdch tvar\u016f, jak to dokladuj\u00ed n\u011bkter\u00e1 z jeho d\u011bl, zejm\u00e9na n\u011bmeck\u00fd d\u016fm v Brn\u011b z let 1887\u201391, nebo d\u016fm Julia Langera z let 1888-90.Pozoruhodn\u00fdmi rysy je opat\u0159ena i budova <a href=\"https:\/\/cs.wikipedia.org\/wiki\/Ottendorfer%C5%AFv_d%C5%AFm\">Knihovny Oswalda Ottendorfera<\/a> ve Svitav\u00e1ch. Spole\u010dn\u011b s A. Prastorferem je autorem domu v&nbsp;centru Brna (U \u010dty\u0159 mamlas\u016f), kter\u00fd rovn\u011b\u017e nese \u0159adu prvk\u016f pozd\u011bj\u0161\u00ed Boubl\u00edkovy tvorby.<\/p>\n\n\n\n<div class=\"wp-block-image\"><figure class=\"alignleft size-large is-resized\"><img loading=\"lazy\" decoding=\"async\" src=\"https:\/\/ceskylvov.cz\/wp-content\/uploads\/2020\/05\/Page-7-Image-24.jpg\" alt=\"\" class=\"wp-image-240\" width=\"161\" height=\"232\" srcset=\"https:\/\/ceskylvov.cz\/wp-content\/uploads\/2020\/05\/Page-7-Image-24.jpg 228w, https:\/\/ceskylvov.cz\/wp-content\/uploads\/2020\/05\/Page-7-Image-24-208x300.jpg 208w\" sizes=\"(max-width: 161px) 100vw, 161px\" \/><figcaption>Seznam absolvent\u016f n\u011bmeck\u00e9 pr\u016fmyslov\u00e9 \u0161koly<\/figcaption><\/figure><\/div>\n\n\n\n<p>Ob\u011b jm\u00e9na najdeme na vysv\u011bd\u010den\u00edch KB u hodnocen\u00ed z p\u0159edm\u011bt\u016f Stavitelstv\u00ed i Kreslen\u00ed (G. Wanderley) a D\u011bjiny stavitelstv\u00ed a um\u011bn\u00ed (A. Prastorfer). Toto n\u00e1ro\u010dn\u00e9, nicm\u00e9n\u011b inspiruj\u00edc\u00ed prost\u0159ed\u00ed, dokl\u00e1daj\u00ed i jm\u00e9na Boubl\u00edkov\u00fdch, pozd\u011bji t\u00e9\u017e \u00fasp\u011b\u0161n\u00fdch spolu\u017e\u00e1k\u016f &#8211; Adalbert Pazd\u00edrek \u2013 architekt v&nbsp;Budape\u0161ti, Josef Posp\u00ed\u0161il \u2013 architekt v&nbsp;Sarajevu a Karel Mashek p\u016fsob\u00edc\u00ed v Brn\u011b. Ze seznamu absolvent\u016f \u0161koly vypl\u00fdv\u00e1, \u017ee zde studoval i <a href=\"https:\/\/cs.wikipedia.org\/wiki\/Adolf_Loos\">Adolf Loos<\/a>.<\/p>\n\n\n\n<div class=\"wp-block-image\"><figure class=\"alignright size-large is-resized\"><img loading=\"lazy\" decoding=\"async\" src=\"https:\/\/i.pinimg.com\/originals\/3e\/d9\/cb\/3ed9cb431693590c3abccca6425d79ce.jpg\" alt=\"\" width=\"235\" height=\"176\"\/><figcaption>U \u010dty\u0159 mamlas\u016f<\/figcaption><\/figure><\/div>\n\n\n\n<p>O\u00a0dva roky d\u0159\u00edve, ne\u017e tento slavn\u00fd klasik evropsk\u00e9 architektury, v\u00a0l\u00e9t\u011b roku 1887, zde dokon\u010dil KB sv\u00e1 studia jako kvalifikovan\u00fd stavebn\u00ed technik-kresli\u010d, sp\u00ed\u0161e s pr\u016fm\u011brn\u00fdmi v\u00fdsledky, av\u0161ak se slovn\u00edm ocen\u011bn\u00edm dovednost\u00ed v\u00a0technick\u00e9m a voln\u00e9m kreslen\u00ed. Neexistuje d\u016fkaz o tom, \u017ee by KB na \u00fazem\u00ed \u010cech d\u00e1le pokra\u010doval ve sv\u00e9m form\u00e1ln\u00edm vzd\u011bl\u00e1v\u00e1n\u00ed. Z\u00a0eviden\u010dn\u00edho l\u00edstku archivn\u00edho fondu \u010cB je patrn\u00e9, \u017ee po maturit\u011b pracoval Boubl\u00edk ve stavebn\u00ed <em>firm\u011b M. Kaufflera<\/em> v\u00a0Brn\u011b<em>. <\/em>Z\u00a0t\u00e9to, na d\u016fkazy huben\u00e9 doby, v\u0161ak lze dolo\u017eit (<em>Moravsk\u00e1 orlice, 18.1. 1889<\/em>), \u017ee KB byl aktivn\u00edm \u010dlenem T\u011blocvi\u010dn\u00e9 jednoty brn\u011bnsk\u00e9, kdy t\u00fdden p\u0159ed oti\u0161t\u011bn\u00edm \u010dl\u00e1nku byl ur\u010den jako n\u00e1hradn\u00edk za zvolen\u00e9ho \u010dlena v\u00fdboru. Nem\u00e9n\u011b zaj\u00edmav\u00e9 je pravd\u011bpodobn\u00e9 anga\u017em\u00e1 mlad\u00e9ho KB na divadeln\u00edch prknech. Jm\u00e9no Boubl\u00edk je opakovan\u011b zmi\u0148ov\u00e1no v\u00a0\u010dl\u00e1nc\u00edch <em>Moravsk\u00e9 orlice<\/em>.<\/p>\n\n\n\n<div class=\"wp-block-image\"><figure class=\"alignleft size-large is-resized\"><img loading=\"lazy\" decoding=\"async\" src=\"https:\/\/ceskylvov.cz\/wp-content\/uploads\/2020\/05\/Page-7-Image-23.jpg\" alt=\"\" class=\"wp-image-239\" width=\"234\" height=\"89\" srcset=\"https:\/\/ceskylvov.cz\/wp-content\/uploads\/2020\/05\/Page-7-Image-23.jpg 353w, https:\/\/ceskylvov.cz\/wp-content\/uploads\/2020\/05\/Page-7-Image-23-300x114.jpg 300w\" sizes=\"(max-width: 234px) 100vw, 234px\" \/><\/figure><\/div>\n\n\n\n<p>Poprv\u00e9 se tak stalo dne 17.4. 1888, kdy spole\u010dn\u011b s&nbsp;dal\u0161\u00edmi \u010dleny ochotnick\u00e9ho souboru byl uveden jako herec&nbsp;v&nbsp;jednom z p\u0159edstaven\u00ed t\u0159\u00ed jednoaktovek, kter\u00e9 byly o uplynul\u00e9m v\u00edkendu uvedeny za aktivn\u00ed p\u0159\u00edtomnosti slavn\u00e9ho mistra herectv\u00ed, <a href=\"https:\/\/cs.wikipedia.org\/wiki\/Jind%C5%99ich_Mo%C5%A1na\">Jind\u0159icha Mo\u0161ny<\/a>. Druh\u00e1 zm\u00ednka o rok pozd\u011bji (2.4. 1889) popisuje divadeln\u00ed p\u0159edstaven\u00ed organizovan\u00e9 ku prosp\u011bchu spolku \u010desk\u00fdch p\u011bstounek v&nbsp;Brn\u011b, kdy ve h\u0159e J.K. Tyl, autora <a href=\"https:\/\/cs.wikipedia.org\/wiki\/Franti%C5%A1ek_Ferdinand_%C5%A0amberk\">Franti\u0161ka F. \u0160amberka<\/a> je Boubl\u00edk zm\u00edn\u011bn v roli Vo\u0159\u00ed\u0161ka. Posledn\u00ed stopou o mo\u017en\u00e9m vystoupen\u00ed KB p\u0159ed div\u00e1ky je \u010dl\u00e1nek (30.4. 1889) ze stejn\u00e9ho zdroje. Tentokr\u00e1te byla hostem brn\u011bnsk\u00fdch ochotn\u00edk\u016f dal\u0161\u00ed legenda \u010desk\u00e9ho hereck\u00e9ho um\u011bn\u00ed, <a href=\"https:\/\/cs.wikipedia.org\/wiki\/Karel_Lier\">Karel Lier<\/a>. Recenze jeho n\u011bkolika vystoupen\u00ed je v&nbsp;popisu p\u011btiaktovky autora <a href=\"https:\/\/de.wikipedia.org\/wiki\/Adolph_L%E2%80%99Arronge\">Adolphe L&#8217;Arronge<\/a>, dopln\u011bna hodnocen\u00edm v\u00fdkonu m\u00edstn\u00edch herc\u016f, kdy u jm\u00e9na Boubl\u00edk je pozn\u00e1mka \u201epoveden\u00fd Fricek a z\u00e1bavn\u00fd Krupi\u010dka\u201c. Nej\u010dast\u011bji v\u0161ak byla zmi\u0148ov\u00e1na osobnost du\u0161e spolku a pozd\u011bj\u0161\u00edho \u0159editele brn\u011bnsk\u00e9ho N\u00e1rodn\u00edho divadla, herce, re\u017eis\u00e9ra a novin\u00e1\u0159e <a href=\"https:\/\/cs.wikipedia.org\/wiki\/V%C3%A1clav_H%C3%BCbner_(novin%C3%A1%C5%99)\">V\u00e1clava H\u00fcbnera<\/a>.<\/p>\n\n\n\n<p><em>Zdroje: <\/em><a href=\"https:\/\/kramerius5.nkp.cz\/\"><em>https:\/\/kramerius5.nkp.cz\/<\/em><\/a><em>, Moravsk\u00fd zemsk\u00fd archiv Brno, <\/em><a href=\"https:\/\/encyklopedie.brna.cz\"><em>https:\/\/encyklopedie.brna.cz<\/em><\/a><\/p>\n\n\n\n<h4>D\u00e1le &#8211; <strong><a href=\"https:\/\/ceskylvov.cz\/?page_id=138\">Lvovsk\u00e9 za\u010d\u00e1tky<\/a><\/strong><\/h4>\n","protected":false},"excerpt":{"rendered":"<p>Brn\u011bnsk\u00e9 dosp\u00edv\u00e1n\u00ed<\/p>\n","protected":false},"author":1,"featured_media":34,"parent":0,"menu_order":0,"comment_status":"closed","ping_status":"closed","template":"","meta":{"footnotes":""},"class_list":["post-129","page","type-page","status-publish","has-post-thumbnail","hentry"],"_links":{"self":[{"href":"https:\/\/ceskylvov.cz\/index.php?rest_route=\/wp\/v2\/pages\/129"}],"collection":[{"href":"https:\/\/ceskylvov.cz\/index.php?rest_route=\/wp\/v2\/pages"}],"about":[{"href":"https:\/\/ceskylvov.cz\/index.php?rest_route=\/wp\/v2\/types\/page"}],"author":[{"embeddable":true,"href":"https:\/\/ceskylvov.cz\/index.php?rest_route=\/wp\/v2\/users\/1"}],"replies":[{"embeddable":true,"href":"https:\/\/ceskylvov.cz\/index.php?rest_route=%2Fwp%2Fv2%2Fcomments&post=129"}],"version-history":[{"count":11,"href":"https:\/\/ceskylvov.cz\/index.php?rest_route=\/wp\/v2\/pages\/129\/revisions"}],"predecessor-version":[{"id":356,"href":"https:\/\/ceskylvov.cz\/index.php?rest_route=\/wp\/v2\/pages\/129\/revisions\/356"}],"wp:featuredmedia":[{"embeddable":true,"href":"https:\/\/ceskylvov.cz\/index.php?rest_route=\/wp\/v2\/media\/34"}],"wp:attachment":[{"href":"https:\/\/ceskylvov.cz\/index.php?rest_route=%2Fwp%2Fv2%2Fmedia&parent=129"}],"curies":[{"name":"wp","href":"https:\/\/api.w.org\/{rel}","templated":true}]}}