{"id":121,"date":"2020-05-30T15:12:02","date_gmt":"2020-05-30T13:12:02","guid":{"rendered":"https:\/\/ceskylvov.cz\/?page_id=121"},"modified":"2020-06-07T11:14:27","modified_gmt":"2020-06-07T09:14:27","slug":"proc-kolinec","status":"publish","type":"page","link":"https:\/\/ceskylvov.cz\/?page_id=121","title":{"rendered":"Rodn\u00fd Kolinec"},"content":{"rendered":"\n<h4 class=\"wp-block-heading\">Prolog k historii<\/h4>\n\n\n\n<div class=\"wp-block-image\"><figure class=\"alignright size-large is-resized\"><img loading=\"lazy\" decoding=\"async\" src=\"https:\/\/ceskylvov.cz\/wp-content\/uploads\/2020\/05\/12345.jpg\" alt=\"\" class=\"wp-image-27\" width=\"437\" height=\"272\" srcset=\"https:\/\/ceskylvov.cz\/wp-content\/uploads\/2020\/05\/12345.jpg 874w, https:\/\/ceskylvov.cz\/wp-content\/uploads\/2020\/05\/12345-300x187.jpg 300w, https:\/\/ceskylvov.cz\/wp-content\/uploads\/2020\/05\/12345-768x478.jpg 768w\" sizes=\"(max-width: 437px) 100vw, 437px\" \/><figcaption>Pohlednice z r. 1918<\/figcaption><\/figure><\/div>\n\n\n\n<p><a href=\"https:\/\/www.kolinec.cz\/kolinec\/\">Kolinecko<\/a>, stejn\u011b jako v\u011bt\u0161ina Po\u0161umav\u00ed, bylo os\u00eddlov\u00e1no o n\u011bco pozd\u011bji, ne\u017e jin\u00e9 lokality v&nbsp;\u010desk\u00fdch zem\u00edch, nebo\u0165 kraj to byl ba\u017einat\u00fd, zhusta zalesn\u011bn\u00fd a klimaticky nevhodn\u00fd pro zem\u011bd\u011blstv\u00ed. A\u017e do r. 1945 se jednalo o \u010desko -n\u011bmeck\u00e9 n\u00e1rodnostn\u00ed prost\u0159ed\u00ed. Dle textu v publikaci Augusta Sedl\u00e1\u010dka <em>Hrady, z\u00e1mky a tvrze kr\u00e1lovstv\u00ed \u010cesk\u00e9ho<\/em> z&nbsp;r. 1893 <em>je Kolinec (p\u016fvodn\u011b Kol\u00edn men\u0161\u00ed) polo\u017een jihoz\u00e1padn\u011b od Nal\u017eov a ji\u017en\u011b od Planice, na dohled zalesn\u011bn\u00fdm vrch\u016fm Widhostu<\/em> (Vidho\u0161\u0165 759 m).<\/p>\n\n\n\n<div class=\"wp-block-image\"><figure class=\"alignright size-large is-resized\"><img loading=\"lazy\" decoding=\"async\" src=\"https:\/\/ceskylvov.cz\/wp-content\/uploads\/2020\/05\/statku.jpg\" alt=\"\" class=\"wp-image-28\" width=\"275\" height=\"297\" srcset=\"https:\/\/ceskylvov.cz\/wp-content\/uploads\/2020\/05\/statku.jpg 549w, https:\/\/ceskylvov.cz\/wp-content\/uploads\/2020\/05\/statku-278x300.jpg 278w\" sizes=\"(max-width: 275px) 100vw, 275px\" \/><figcaption>Popis statku v Kolinci v r. 1894<\/figcaption><\/figure><\/div>\n\n\n\n<p>P\u016fvodn\u011b byl &nbsp;v majetku p\u00e1n\u016f z&nbsp;Velhartic a dal\u0161\u00edmi majetkov\u00fdmi zm\u011bnami byl spojen se sousedn\u00edmi obcemi Tedra\u017eice, Mokrosuky a Le\u0161i\u0161ovem. Ke vzniku Kolince a jeho dal\u0161\u00edmu st\u0159edov\u011bk\u00e9mu rozvoji p\u0159isp\u011blo nejsp\u00ed\u0161e nalezen\u00ed zlata v&nbsp;m\u00edstn\u00ed \u0159ece Ostru\u017en\u00e1 (t\u00e9\u017e Pstru\u017en\u00e1) ve 13. stolet\u00ed. Pozd\u011bji bylo zlato nahrazeno t\u011b\u017ebou \u017euly a jej\u00edm zpracov\u00e1n\u00edm. Zm\u011bny p\u00e1n\u016f, kte\u0159\u00ed vlastnili okol\u00ed obce, pozd\u011bji m\u011bste\u010dka s&nbsp;dominantou z\u00e1mku, p\u0159\u00edli\u0161 nezlep\u0161ily chudobn\u00fd \u017eivot jeho obyvatel ani v n\u00e1sleduj\u00edc\u00edch stolet\u00edch.<\/p>\n\n\n\n<div class=\"wp-block-image\"><figure class=\"alignleft size-large is-resized\"><img loading=\"lazy\" decoding=\"async\" src=\"https:\/\/storage.googleapis.com\/hippostcard\/p\/19beaa4d7018037fff5ee91eb70e77c2-800.jpg\" alt=\"\" width=\"343\" height=\"224\"\/><\/figure><\/div>\n\n\n\n<p>Od roku 1838 je Kolinec, spole\u010dn\u011b s\u00a0<a href=\"https:\/\/cs.wikipedia.org\/wiki\/Nal%C5%BEovy\">Nal\u017eovem<\/a>, v\u00a0majetku \u0161lechtick\u00e9ho rodu hrab\u011bte <a href=\"https:\/\/www.wikitree.com\/wiki\/Taaffe-65\">Ludv\u00edka Taaffeho<\/a>, p\u016fvodem z\u00a0Irska. Ke zm\u011bn\u00e1m podm\u00ednek ve m\u011bst\u011b doch\u00e1z\u00ed a\u017e ve druh\u00e9 polovin\u011b 19. stol., kdy vznik\u00e1 po\u0161tovn\u00ed \u00fa\u0159ad (1867) a tak\u00e9 z\u0159\u00edzen\u00edm \u017eelezni\u010dn\u00edho spojen\u00ed Hora\u017e\u010fovic s\u00a0Doma\u017elicemi, vedouc\u00edho p\u0159es Kolinec, kde byla postavena i samostatn\u00e1 n\u00e1dra\u017en\u00ed budova (1888) s odpo\u010d\u00edv\u00e1rnou pro d\u011bdice panstv\u00ed, <a href=\"https:\/\/cs.wikipedia.org\/wiki\/Eduard_Taaffe\">Dr. Eduarda Taaffeho<\/a>. Administrativn\u00ed z\u00e1pisy v\u00a0n\u011bm\u010din\u011b byly v m\u00edstn\u00ed \u0161kole nahrazeny \u010de\u0161tinou roku 1847. V\u011bt\u0161ina obyvatel (z cca 4300\/r. 1869, v\u010d. p\u0159ilehl\u00fdch obc\u00ed a osad) pracovala v\u00a0zem\u011bd\u011blstv\u00ed, lesnictv\u00ed, p\u0159i chovu a lovu ryb a v lehk\u00e9m pr\u016fmyslu. V\u00a0katastru obce existoval t\u00e9\u017e pivovar, vinopalna, cihelna, pap\u00edrna i \u0161krob\u00e1rna. V\u00a0 Kolinci \u017eila ve druh\u00e9 polovin\u011b 19. stolet\u00ed vlivn\u00e1 \u017eidovsk\u00e1 komunita a tak\u00e9 rodina Boubl\u00edkova.<\/p>\n\n\n\n<p><em>Zdroj: <a href=\"https:\/\/www.kolinec.eu\/\">https:\/\/www.kolinec.eu\/<\/a>, <a href=\"https:\/\/kramerius5.nkp.cz\">https:\/\/kramerius5.nkp.cz<\/a><\/em><\/p>\n\n\n\n<h4 class=\"wp-block-heading\">D\u00e1le &#8211; <strong><a href=\"https:\/\/ceskylvov.cz\/?page_id=124\">1869<\/a><\/strong><\/h4>\n\n\n\n<p><\/p>\n","protected":false},"excerpt":{"rendered":"<p>Prolog k historii Kolinecko, stejn\u011b jako v\u011bt\u0161ina Po\u0161umav\u00ed, bylo os\u00eddlov\u00e1no o n\u011bco pozd\u011bji, ne\u017e jin\u00e9 lokality v&nbsp;\u010desk\u00fdch zem\u00edch, nebo\u0165 kraj to byl ba\u017einat\u00fd, zhusta zalesn\u011bn\u00fd&hellip;<\/p>\n","protected":false},"author":1,"featured_media":27,"parent":0,"menu_order":0,"comment_status":"closed","ping_status":"closed","template":"","meta":{"footnotes":""},"class_list":["post-121","page","type-page","status-publish","has-post-thumbnail","hentry"],"_links":{"self":[{"href":"https:\/\/ceskylvov.cz\/index.php?rest_route=\/wp\/v2\/pages\/121"}],"collection":[{"href":"https:\/\/ceskylvov.cz\/index.php?rest_route=\/wp\/v2\/pages"}],"about":[{"href":"https:\/\/ceskylvov.cz\/index.php?rest_route=\/wp\/v2\/types\/page"}],"author":[{"embeddable":true,"href":"https:\/\/ceskylvov.cz\/index.php?rest_route=\/wp\/v2\/users\/1"}],"replies":[{"embeddable":true,"href":"https:\/\/ceskylvov.cz\/index.php?rest_route=%2Fwp%2Fv2%2Fcomments&post=121"}],"version-history":[{"count":9,"href":"https:\/\/ceskylvov.cz\/index.php?rest_route=\/wp\/v2\/pages\/121\/revisions"}],"predecessor-version":[{"id":286,"href":"https:\/\/ceskylvov.cz\/index.php?rest_route=\/wp\/v2\/pages\/121\/revisions\/286"}],"wp:featuredmedia":[{"embeddable":true,"href":"https:\/\/ceskylvov.cz\/index.php?rest_route=\/wp\/v2\/media\/27"}],"wp:attachment":[{"href":"https:\/\/ceskylvov.cz\/index.php?rest_route=%2Fwp%2Fv2%2Fmedia&parent=121"}],"curies":[{"name":"wp","href":"https:\/\/api.w.org\/{rel}","templated":true}]}}

Rodný Kolinec

<h4 class="wp-block-heading">Prolog k historii</h4>



<div class="wp-block-image"><figure class="alignright size-large is-resized"><img loading="lazy" decoding="async" src="https://ceskylvov.cz/wp-content/uploads/2020/05/12345.jpg" alt="" class="wp-image-27" width="437" height="272" srcset="https://ceskylvov.cz/wp-content/uploads/2020/05/12345.jpg 874w, https://ceskylvov.cz/wp-content/uploads/2020/05/12345-300x187.jpg 300w, https://ceskylvov.cz/wp-content/uploads/2020/05/12345-768x478.jpg 768w" sizes="(max-width: 437px) 100vw, 437px" /><figcaption>Pohlednice z r. 1918</figcaption></figure></div>



<p><a href="https://www.kolinec.cz/kolinec/">Kolinecko</a>, stejně jako většina Pošumaví, bylo osídlováno o něco později, než jiné lokality v&nbsp;českých zemích, neboť kraj to byl bažinatý, zhusta zalesněný a klimaticky nevhodný pro zemědělství. Až do r. 1945 se jednalo o česko -německé národnostní prostředí. Dle textu v publikaci Augusta Sedláčka <em>Hrady, zámky a tvrze království Českého</em> z&nbsp;r. 1893 <em>je Kolinec (původně Kolín menší) položen jihozápadně od Nalžov a jižně od Planice, na dohled zalesněným vrchům Widhostu</em> (Vidhošť 759 m).</p>



<div class="wp-block-image"><figure class="alignright size-large is-resized"><img loading="lazy" decoding="async" src="https://ceskylvov.cz/wp-content/uploads/2020/05/statku.jpg" alt="" class="wp-image-28" width="275" height="297" srcset="https://ceskylvov.cz/wp-content/uploads/2020/05/statku.jpg 549w, https://ceskylvov.cz/wp-content/uploads/2020/05/statku-278x300.jpg 278w" sizes="(max-width: 275px) 100vw, 275px" /><figcaption>Popis statku v Kolinci v r. 1894</figcaption></figure></div>



<p>Původně byl &nbsp;v majetku pánů z&nbsp;Velhartic a dalšími majetkovými změnami byl spojen se sousedními obcemi Tedražice, Mokrosuky a Lešišovem. Ke vzniku Kolince a jeho dalšímu středověkému rozvoji přispělo nejspíše nalezení zlata v&nbsp;místní řece Ostružná (též Pstružná) ve 13. století. Později bylo zlato nahrazeno těžbou žuly a jejím zpracováním. Změny pánů, kteří vlastnili okolí obce, později městečka s&nbsp;dominantou zámku, příliš nezlepšily chudobný život jeho obyvatel ani v následujících stoletích.</p>



<div class="wp-block-image"><figure class="alignleft size-large is-resized"><img loading="lazy" decoding="async" src="https://storage.googleapis.com/hippostcard/p/19beaa4d7018037fff5ee91eb70e77c2-800.jpg" alt="" width="343" height="224"/></figure></div>



<p>Od roku 1838 je Kolinec, společně s <a href="https://cs.wikipedia.org/wiki/Nal%C5%BEovy">Nalžovem</a>, v majetku šlechtického rodu hraběte <a href="https://www.wikitree.com/wiki/Taaffe-65">Ludvíka Taaffeho</a>, původem z Irska. Ke změnám podmínek ve městě dochází až ve druhé polovině 19. stol., kdy vzniká poštovní úřad (1867) a také zřízením železničního spojení Horažďovic s Domažlicemi, vedoucího přes Kolinec, kde byla postavena i samostatná nádražní budova (1888) s odpočívárnou pro dědice panství, <a href="https://cs.wikipedia.org/wiki/Eduard_Taaffe">Dr. Eduarda Taaffeho</a>. Administrativní zápisy v němčině byly v místní škole nahrazeny češtinou roku 1847. Většina obyvatel (z cca 4300/r. 1869, vč. přilehlých obcí a osad) pracovala v zemědělství, lesnictví, při chovu a lovu ryb a v lehkém průmyslu. V katastru obce existoval též pivovar, vinopalna, cihelna, papírna i škrobárna. V  Kolinci žila ve druhé polovině 19. století vlivná židovská komunita a také rodina Boublíkova.</p>



<p><em>Zdroj: <a href="https://www.kolinec.eu/">https://www.kolinec.eu/</a>, <a href="https://kramerius5.nkp.cz">https://kramerius5.nkp.cz</a></em></p>



<h4 class="wp-block-heading">Dále &#8211; <strong><a href="https://ceskylvov.cz/?page_id=124">1869</a></strong></h4>



<p></p>

<p>Prolog k historii Kolinecko, stejně jako většina Pošumaví, bylo osídlováno o něco později, než jiné lokality v&nbsp;českých zemích, neboť kraj to byl bažinatý, zhusta zalesněný&hellip;</p>
